et q be i(0). Suppose 5*r - 95 = -3*k, q*k + 4*r - 66 = 31. What is the tens digit of k?
3
Let p(k) = k**3 - 18*k**2 + 5. Let r be p(18). Suppose r*b = 5*n - 960, -356 - 412 = -4*n + 5*b. What is the tens digit of n*(5 + -4 - 3/9)?
2
Let w(p) = p**3 + 96*p**2 + 74*p + 593. What is the tens digit of w(-95)?
8
Let f = -661 + -405. Let b = 1696 + f. What is the tens digit of b?
3
Let c = 31173 + -18628. Suppose 0 = -13*q + 26*q - c. What is the tens digit of q?
6
Let b = -142 - -60. Let n = 37 + b. What is the units digit of 2/(-9) + (-2710)/n?
0
Suppose 12*z - 84791 - 24915 = 59938. What is the ten thousands digit of z?
1
Let n be (0 - -16)*5/4. What is the tens digit of (-4632)/9*(-30)/n?
7
Suppose 5*l = -3*l + 176. Suppose 686 - 158 = l*p. What is the tens digit of p?
2
Let w = -971 + 849. What is the hundreds digit of (w/(-3))/((-72)/(-3456))?
9
Suppose 312*z - 324*z + 7488 = 0. What is the hundreds digit of z?
6
Let k(n) = 597*n - 417. What is the thousands digit of k(14)?
7
Let c be ((2 - 1) + -21)/((-4)/(-22)). Let g = 197 + c. What is the tens digit of g?
8
Let z = 38798 + -10787. What is the hundreds digit of z?
0
Let u = 15051 - 1460. What is the thousands digit of u?
3
Suppose -134559 + 24876 = -12*y + 78933. What is the hundreds digit of y?
7
Let d(h) = -3*h**2 - 17*h + 14. Suppose -2*s + 5*g - 5 = -38, 4*s - g - 21 = 0. Let r be (396/(-15))/s + (-3)/(-5). What is the units digit of d(r)?
8
Let t(w) = 4*w + 0*w**2 + 77 - 2*w**2 + 9*w**2 + 6*w + 3*w**2. What is the units digit of t(11)?
7
Let m be (0 + 16)/(-3 - (-10)/2). Suppose -3*n + 37 = -u, -m = -2*u - 2*u. Let g = 8 + n. What is the units digit of g?
1
Let w(y) = 271*y + 8602. What is the tens digit of w(86)?
0
Suppose -77*l + 5*r - 94536 = -80*l, -5*r = 45. What is the ten thousands digit of l?
3
Suppose -39976 + 4070 = -26*v. Suppose -u + n = -n - 339, -4*u + v = -3*n. What is the units digit of u?
9
Let d(k) = 15*k - 10. Suppose 4*p + 2*p - 48 = 0. Suppose -z + 3*z = p. What is the units digit of d(z)?
0
Let r be 66/10 - 96/(-240). Suppose -s - t = -57, -12*t = -3*s - r*t + 195. What is the units digit of s?
0
Let y(p) = 5*p**2 - 13*p - 26. Let r(b) = 2*b - 30. Let h be r(12). What is the units digit of y(h)?
2
Suppose 51*p = -34*p + 32290 + 13525. What is the hundreds digit of p?
5
Let g(h) = -15*h**2 - 13*h + 51. Let k be g(13). What is the hundreds digit of (-3)/(12/k) + (-1)/4?
6
Let s = 3023 + 4079. What is the units digit of s?
2
Let s be ((-1366)/4)/((-10)/20). Suppose -s = -5*m - 273. What is the tens digit of m?
8
Let b be 2/(-3) + (-2256)/(-9) + 13. Suppose 7*k = 157 + b. What is the tens digit of k?
6
Suppose 4*d + 20 = 48. Let h(z) = z**2. Let t(p) = 4*p**2 + 5*p + 11. Let a(y) = 5*h(y) - t(y). What is the units digit of a(d)?
3
What is the thousands digit of 73460/22 + (-273)/3003?
3
What is the hundreds digit of 86/(-1032) + 57172/48?
1
Let r = -15483 + 17176. What is the units digit of r?
3
What is the thousands digit of (-84105)/(-22 - 5) - 3/1?
3
Let q = -220 + 318. Suppose -q = -b - 4*m, 6*b + m = 3*b + 272. Let i = 165 - b. What is the units digit of i?
5
Suppose 50*a - 44*a - 6 = 0. What is the tens digit of (61 + a)/((-1)/(-2))?
2
Suppose 0 = 8*r - r + 4249. Let c = r - -1185. What is the units digit of c?
8
Let h = 170 + -162. What is the units digit of 354/4 - h/(-16)?
9
Suppose t - 23*t + 259798 = 0. Suppose 9*d + 3790 = t. What is the hundreds digit of d?
8
Let c = 13264 - 4955. What is the thousands digit of c?
8
Let z = 37 - 40. Let q = -7 - z. Let o(y) = y**3 + 4*y**2 - 7*y - 6. What is the tens digit of o(q)?
2
Let d = 39 - 38. Let n be (-9 + 3)/(d/(-4)*3). What is the units digit of (10 - 0/1)/(2/n)?
0
Let v(d) = -d**3 - 5*d**2 + 15*d + 3. Let c be v(4). What is the units digit of (-2)/(-7) - c*3040/168?
6
Let j(c) = -73*c + 77. Let u be j(9). Let x = -285 - u. What is the units digit of x?
5
What is the hundreds digit of (-71 + 73)*(-3 - -1352)?
6
Let g = -74894 - -141892. What is the hundreds digit of g?
9
Let o = -33840 + 63825. What is the tens digit of o?
8
Suppose 0 = j + j + 5*b - 62, -3*j + 4*b = -93. Suppose -41 + j = -2*t. What is the hundreds digit of ((-52)/t)/((-74)/1665)?
2
Let t = 54 + -28. Let v = -30 + t. Let n(z) = -z**3 - 3*z**2 - 9*z + 3. What is the units digit of n(v)?
5
Suppose -9 = -2*f - 3. Let p be 13/(1*(4 - f)). Suppose -486 = p*z - 16*z. What is the hundreds digit of z?
1
Let y(n) = -164*n + 164. What is the hundreds digit of y(-16)?
7
Suppose 356*v - 475*v = -2233630. What is the hundreds digit of v?
7
Suppose -7*y + 660 = -3*y. Suppose 74 - 13 = v + 5*d, 3*d + y = 3*v. Suppose r - v = 2*c, -5*r + 292 = -6*c + 2*c. What is the units digit of r?
0
Suppose -2*g + 4*y = -3*g, 5*g = y. Suppose g = -4*m + 230 + 286. What is the units digit of m?
9
Let g(a) = 13*a**2 - 20*a + 126. Let i be (-36)/(-10)*(-415)/(-166). What is the units digit of g(i)?
9
Suppose -9*k + 546 = 4*k. Suppose 0 = k*v - 28*v - 11200. What is the hundreds digit of v?
8
Let y be (-3 - (-7624)/20) + 1/(-5). Let b = y + 232. What is the hundreds digit of b?
6
Suppose -19*y = -24*y + 105. Suppose -13*s + 44 = -y. Suppose 0 = -s*t + 1035 + 250. What is the tens digit of t?
5
Suppose 0 = 23*v + v - 66192. Let d = v - 1482. What is the thousands digit of d?
1
What is the ten thousands digit of (-119961)/15*(-16)/((-192)/(-60))?
3
Let i = 11127 - 7088. What is the tens digit of i?
3
Let o be -2*3/(-18)*-39. Let q(t) = t**2 - 39*t + 27. What is the tens digit of q(o)?
0
Suppose 19*s - 24742 + 14805 - 130207 = 0. What is the tens digit of s?
7
Let b = 219 - 205. Suppose -6*f = -b*f + 2544. What is the hundreds digit of f?
3
Let g = -132 + 134. What is the hundreds digit of (g + 4 + -1)*119?
5
Suppose 25*x - 1092 = -17*x. Suppose x*s = 449 + 331. What is the tens digit of s?
3
Let c be (720/100)/(2/(-10)*1). What is the tens digit of (c - 651)*2/(-3)?
5
Let s(t) = -t**3 + 2*t**2 + 4*t - 5. Let c be s(2). What is the units digit of 5 - c - (3 - (262 - 1))?
0
Let n = -13050 + 31016. Suppose n = 18*q - 8440. What is the units digit of q?
7
Let q(l) = -4210*l + 810. What is the hundreds digit of q(-4)?
6
Suppose -4*p - 16*p = -18000. What is the units digit of p?
0
Let r be ((-6)/(-4))/(6/8) + 721. Let l = r + -398. What is the tens digit of l?
2
Let s(b) = -b**3 + 4*b**2 + 5*b - 3. Let c be s(6). Let z = -353 - -223. Let f = c - z. What is the tens digit of f?
8
Let t(d) = -647*d - 3660. What is the tens digit of t(-11)?
5
Let j = 78 - 66. Let o(a) = 12 + 7*a - 6 + 4*a**2 - j. What is the tens digit of o(-5)?
5
Let x be 1 - -3*(-4)/(-12). Let o be 182/28 + (-1)/x. Suppose -o*v + 149 = 23. What is the units digit of v?
1
Let q(x) = -x**2 + 2*x + 54. Let i be q(15). Let f = i - -229. What is the units digit of f?
8
Let s = -780 - -803. Let u(x) = 12*x - 3. Let q be u(7). Let i = q - s. What is the tens digit of i?
5
Suppose -96*r - 26*r = 50*r - 8022080. What is the units digit of r?
0
Let g(n) = n**2 + 6*n + 7. Let m be g(-5). Suppose -m*q + 6*q = 464. Suppose -l - 2*r + q = 3*r, -3*l - 2*r + 361 = 0. What is the tens digit of l?
2
Let a = 1463 + 7209. Suppose 21*s = 7036 + a. What is the hundreds digit of s?
7
What is the units digit of ((-382)/(-3))/(4/(-14)*301/(-8901))?
9
Let j be 219*-1*-6*(-2)/36. Let c = -75 - j. What is the tens digit of c/(-6)*583 + 40/60?
9
Let s(c) = -4 + 8*c**2 + c**2 - 15*c**2 + 7*c**2. Let r be s(2). Suppose 4*u - 90 - 50 = r. What is the tens digit of u?
3
Suppose -23*n + 22*n = -15*k - 11682, 5*n = -5*k + 58570. What is the hundreds digit of n?
7
Suppose -432 = 4144*r - 4216*r. Let x(u) = 30*u + 2 + 5 + 0. What is the hundreds digit of x(r)?
1
Let j be (524/(-3))/((-2)/6). Let t(p) = p + 16. Let b be t(-6). What is the tens digit of j/b - (-2 + 7/5)?
5
Let u = 203 - 192. Suppose 15*w - 2076 = u*w. What is the tens digit of w?
1
Let j = -5461 + 10902. Suppose 1929 = 11*f - j. What is the units digit of f?
0
Let i = 57 + -54. Suppose 791 = 5*m - i*t + 328, -m = -t - 91. Let q = m + 8. What is the hundreds digit of q?
1
Let a(i) = -84*i - 17. Let d be a(-2). Let q = d - -148. What is the units digit of q?
9
Let r(h) = -30*h**2 - 68*h + 4. Let b be r(-2). Let s = 152 + 34. Let x = b + s. What is the units digit of x?
6
Suppose -3*l 